 0 = 5*o - 10*q + 8*q - 116, 4*o = -q + 85. Let y = 134 - 243. Let n = -22 - y. What is the remainder when n is divided by o?
21
Suppose 4*q - 85 = 5*y + 46, 2*q - 5*y = 73. Let z(l) = -l**2 + 8*l + 22. Let j be z(10). Suppose -10 = -s - j. What is the remainder when q is divided by s?
5
Let o = -423 + 449. Let w = 495 - 341. What is the remainder when w is divided by o?
24
Let d(i) = 2*i**2 - 2*i. Calculate the remainder when d(2) is divided by 1*(13 - 11)*(-1)/(-1).
0
Suppose -3*r - 109 + 421 = 0. Suppose -5*h + 0*h + 90 = 0. What is the remainder when r is divided by h?
14
Suppose 3 = -4*d + 3*f + 8, 0 = -d + f + 1. Let w(t) = 0*t**2 + 8*t + t**2 + t**3 + 7*t**d + 0*t**2. What is the remainder when w(-6) is divided by 5?
4
Let b = -11 - -9. Let y(v) = -27*v - 1. Calculate the remainder when y(b) is divided by 7.
4
Let n(i) = -i**3 + 24*i**2 - 18*i + 2. Suppose -35*y + 30*y = -115. Calculate the remainder when n(y) is divided by 30.
27
Let l = 366 - 330. What is the remainder when l is divided by 6?
0
Suppose 5*z = m + 21, 4*z + 6 - 18 = -4*m. What is the remainder when 18 is divided by z?
2
Suppose 0 = 5*s + 3*n - 150, 2*n + 3*n = 5*s - 190. Let c be ((-18)/21)/((-8)/28). What is the remainder when s is divided by -7*c/6*-2?
5
Suppose 0 = -3*l - 0*l + 54. What is the remainder when (21285/(-27))/(-11) - (-2)/(-3) is divided by l?
17
Let c(w) = w**2 + 13*w - 24. Let q be c(-15). Suppose q*l - 3 = 3. Suppose -1 - 5 = 2*h, 0 = 4*a + 4*h + 8. What is the remainder when l is divided by a?
0
Let i be (3/6)/(2/12). Suppose -i*a + 20 - 2 = 0. What is the remainder when 7 is divided by a?
1
Let q(z) = 2*z + 3. Let a = 1058 + -1006. What is the remainder when a is divided by q(4)?
8
Suppose -7*m = -6*m - 12. Suppose 6 - 57 = -j. Calculate the remainder when j/(-2)*12/(-9) is divided by m.
10
Let c = 23 + -21. Let g be 5 + c + -3 - 17. Let p(o) = -9*o - 19. Calculate the remainder when p(g) is divided by 33.
32
Let q(m) = m**2 - 6*m - 14. Calculate the remainder when 145 is divided by q(10).
15
Suppose -u - 115 = 5*f, -u = 3*f + 4*u + 91. Suppose 38 + 186 = -16*s. Let m = s - f. What is the remainder when 15 is divided by m?
7
Suppose 3 = 4*p + 4*a - 3*a, 4*p + 5*a = 15. Suppose p = -3*v - 61 + 364. Calculate the remainder when v is divided by 13.
10
Suppose 0 = -2*a + 17 - 5. Calculate the remainder when 165 is divided by a.
3
Suppose 4*x + 3*r = -21, 0*r + 5*r = -2*x + 7. What is the remainder when (-20)/x + -2 + 352/36 is divided by 9?
1
Suppose 0 = -4*a - 3*x + 522, 155 = 3*a + 4*x - 233. Let s(o) = 9*o + 1. What is the remainder when a is divided by s(2)?
18
Suppose -7*v + 117 = 33. What is the remainder when 3/(-2)*376/(-6) is divided by v?
10
Let k(c) = -c**2 + c + 1. Let w be 0/(-4*(-3)/(-6)). Let l be k(w). What is the remainder when 10 is divided by ((-1)/l)/(5/(-20))?
2
Suppose -5*x + 4*j + 88 - 58 = 0, 0 = -2*x - 4*j - 16. Calculate the remainder when (6 + -1)/((-1)/(-1)) is divided by x.
1
Suppose -1613*z + 1608*z + 60 = 0. Suppose 29 = 4*n + 9. Calculate the remainder when z is divided by n.
2
Let t = -96 + 98. Suppose 0 = -5*w - 4*m + 17, w - t*m = 4*w - 11. What is the remainder when w is divided by 3?
2
Suppose 2*h - 4*w - 29 = w, -4*h = -4*w - 52. Calculate the remainder when 59 is divided by h.
11
Calculate the remainder when (8 - 4 - -47)*(-42)/(-9) is divided by 10.
8
Suppose -3*a - 3*t = -9, t - 19 = -a + 4*t. What is the remainder when 13 is divided by a?
6
Let c = 8 + -4. Suppose 0 = -y - c*y - 25. Let i = 6 + y. What is the remainder when 3 is divided by i?
0
Suppose 0 = -0*y + y. Suppose h - 16 = 3*p, h - p - 8 - 18 = y. Let o(k) = 3*k**3 - 17*k**2 - 5*k + 2. What is the remainder when h is divided by o(6)?
7
Let o(s) = -12*s. Let y(f) = -4*f. Let z(x) = 4*o(x) - 11*y(x). Suppose 0*p + 28 = 4*p. Calculate the remainder when z(-3) is divided by p.
5
Let y = -16 + 22. Let h(l) = -l**3 + 8*l**2 - 9*l + 1. What is the remainder when ((-12)/(-8))/(9/444) is divided by h(y)?
17
Suppose -2*i - 2*i = 0. Let o = 18 + i. Let v = 59 + 10. What is the remainder when v is divided by o?
15
Let p = -2 - 1. Let n(h) = -2*h - 11. Let k(f) = -5*f - 21. Let o(y) = 4*k(y) - 7*n(y). What is the remainder when o(p) is divided by 6?
5
Let q(n) = -2*n**2 + 26*n - 10. Suppose m + 10 = 5, -c = 2*m - 1. What is the remainder when 169 is divided by q(c)?
33
Suppose 3*a + 2*a = -4*g + 319, 0 = 5*a - g - 314. Suppose -4*p + 64 = -2*i, -4*i - 89 = -5*p - 6*i. What is the remainder when a is divided by p?
12
Let c = 463 + -450. Let b(o) = -o - 7. Let d be b(-10). Calculate the remainder when (98/3)/(2/d) is divided by c.
10
Suppose l + 2*l = -69. Let n = -19 - l. What is the remainder when (-4 + -37)/(n + -5) is divided by 15?
11
Let m(w) = -2*w**3 - 11*w**2 + 10*w - 37. Calculate the remainder when m(-9) is divided by 17.
15
Suppose -4*t + 2 = -i - 3, 0 = -3*i + t + 7. Suppose 16 = -i*x + 85. What is the remainder when 112 is divided by x?
20
Let b(a) = a - 7. Let m be b(12). Let r be (-2)/(3/3 - 2). Suppose 3 = r*v - m. What is the remainder when 6 is divided by v?
2
Suppose -o + 970 = 25*i - 21*i, -3*i - 5*o = -719. Calculate the remainder when i is divided by 79.
6
Suppose 5*v - 5*b = 950, -5 = -28*b + 33*b. What is the remainder when v is divided by 76?
37
Let o(r) be the second derivative of r**5/20 - r**4/4 - r**2/2 + 3*r. Let t be o(3). What is the remainder when 69 - 9 - (t - -4) is divided by 20?
17
Let w be 1/2*(-3 - -9). Let q be 4/2*74/4. Suppose -u + w = -q. Calculate the remainder when u is divided by 15.
10
Suppose x + 51 - 97 = 0. Suppose -p = 4*v + 6 - 23, 0 = 2*p + 5*v - 34. What is the remainder when x is divided by p?
12
What is the remainder when (-10)/(-4)*2 + 137 + -10 is divided by 9?
6
What is the remainder when 138 is divided by (-2177)/(-63) + 12/27?
33
What is the remainder when 532/12 + (-2)/(-3) is divided by 12/(-16) - (-102)/8?
9
Let o(x) = x**2 - 2*x + 77. Suppose 2*r = 44 + 8. Calculate the remainder when o(0) is divided by r.
25
Calculate the remainder when 4/18 + ((-59785)/45)/(-11) is divided by 57.
7
Let r(s) = -43*s**3 + 7*s**2 + 10*s - 7. What is the remainder when r(-3) is divided by 14?
11
Let v(m) = m**3 - m**2 - m + 82. Let x(s) = -s**3 + 22*s**2 - 19*s - 7. Let d be x(19). Calculate the remainder when v(0) is divided by d/25 + 18/(-5) + 3.
26
Suppose i - 5*i + 12 = 0. Suppose 2*u = -2*g + 4*u - 24, i*g = -5*u - 20. Let a = -3 - g. What is the remainder when 25 is divided by a?
4
Suppose 4*p = 3*j + 230, 4*j - 179 = -4*p + 65. What is the remainder when p is divided by 25?
9
Suppose 0 = 2*s - 4*z - 22, 2*z - 99 - 4 = -5*s. Calculate the remainder when 302 is divided by s.
17
Suppose -7*r - 28 = -9*r. Suppose 40 = h - r. What is the remainder when h is divided by 28?
26
Let x(d) = -81*d - 2. Let h be x(-2). Suppose 92 = 6*b - h. Suppose -z - 69 = -5*z - n, 2*z = 2*n + b. What is the remainder when z is divided by 11?
7
Let a = 46 + -5. Calculate the remainder when 357*((-4)/6 + 1) is divided by a.
37
What is the remainder when ((-4)/18)/1 - 35093/(-171) is divided by 38?
15
Suppose -8 = -3*m + 7. Suppose 65 = 3*u + m*v, -u + 2*v = -36 + 7. Calculate the remainder when 72 is divided by u.
22
Let y(o) be the third derivative of -o**5/30 + 7*o**4/6 + 5*o**3/3 + 10*o**2. Calculate the remainder when y(13) is divided by 19.
17
Let f(s) = 48*s**2 - 4*s - 3. What is the remainder when 535 is divided by f(-1)?
45
Suppose -8*a = 9*a - 2057. Let t = -101 + a. Calculate the remainder when 198 is divided by t.
18
Let v(o) = -o**2 - 27*o - 120. Calculate the remainder when -4 + 4 + 194/2 is divided by v(-20).
17
What is the remainder when 165 is divided by ((-203)/(-28) + -5)*32/6?
9
Suppose -5*j = -j - 5*d - 52, 5*j + 5*d - 65 = 0. What is the remainder when (-183)/(-5) + 4/10 is divided by j?
11
Suppose -3*s + 295 = 2*v, 3*s - 210 = s + 2*v. Calculate the remainder when 300 is divided by s.
98
Let q = 693 + -691. What is the remainder when 37 is divided by q?
1
Let l(j) = 0 + 2*j**2 + 3*j - 4*j + 1 + 2*j. Suppose 0 = -3*x + 9 - 0. Calculate the remainder when 43 is divided by l(x).
21
Let r(y) = -31*y - 135. What is the remainder when (-2 + -2)/(-2) - -36 is divided by r(-5)?
18
Let n be 154/(-4)*8/(-14). Suppose 0 = -i